et v(l) = -466*l + 25180. What is v(54)?
16
Let c(u) = -2*u**2 + 19*u + 11. Give c(6).
53
Let d(a) = -2*a**3 - 11*a**2 - 122*a - 578. Give d(-5).
7
Let r(a) = -2*a**3 + 42*a**2 - 135*a - 15. Give r(17).
2
Let o(x) = -x**2 - 12*x + 571. What is o(-40)?
-549
Let b(g) = g**2 - 172*g - 1447. Calculate b(-8).
-7
Let r(n) = -389*n - 383. Determine r(-1).
6
Let s(c) = -12*c + 54. What is s(10)?
-66
Let k(y) = -2*y**3 + 74*y**2 - 97*y + 902. Calculate k(36).
2
Let m(j) = 18*j - 780. Calculate m(43).
-6
Let t(u) = -3*u**2 - 62*u + 30. Determine t(-22).
-58
Let f(x) = x**2 - 220*x - 887. Give f(-4).
9
Let s(t) = -t**3 + 3*t**2 + 409*t - 2360. What is s(6)?
-14
Let x(b) = -b**3 + 77*b**2 - 789*b + 585. Determine x(65).
0
Let t(k) = k**3 - 69*k**2 + 980*k + 65. Determine t(20).
65
Let g(l) = -l**3 + 27*l**2 - 19*l + 391. Give g(27).
-122
Let y(f) = f**2 + 837*f + 3334. Give y(-4).
2
Let a(u) = u**3 - 116*u**2 + 1062*u + 6. Calculate a(10).
26
Let a(p) = -101*p + 100. Give a(1).
-1
Let t(i) = 7*i**2 - 428*i + 68. Give t(61).
7
Let f(x) = -x**3 - 66*x**2 - 358*x + 84. Calculate f(-60).
-36
Let t(o) = 109*o**3 + 3*o**2 + 6*o + 3. Give t(-1).
-109
Let g(h) = 3*h**2 - 83*h + 569. Give g(12).
5
Let l(a) = -a**3 + 14*a**2 + 30*a - 52. Give l(16).
-84
Let g(y) = -7*y**2 - 69*y + 12. Calculate g(0).
12
Let l(u) = -u**3 - 18*u**2 + 170*u + 81. What is l(-25)?
206
Let c(n) = -n**3 + 3*n**2 + 31*n - 15. What is c(8)?
-87
Let i(p) = p**2 - 47*p + 383. What is i(17)?
-127
Let f(z) = -3*z**3 - 21*z**2 - 80*z - 829. Calculate f(-8).
3
Let i(m) = 105*m - 31811. What is i(303)?
4
Let w(u) = 16*u - 510. Give w(10).
-350
Let a(r) = 2*r**2 - 64*r + 383. Calculate a(8).
-1
Let l(r) = -680*r + 4785. Calculate l(7).
25
Let k(g) = 31*g**2 - 400*g - 43. Determine k(13).
-4
Let h(o) = -121*o + 1. Give h(0).
1
Let z(b) = -3*b**2 - 3*b + 40. Give z(6).
-86
Let y(r) = -6*r**2 + 102*r + 119. Determine y(18).
11
Let j(i) = -454*i - 3176. What is j(-7)?
2
Let t(y) = 4*y - 33. Calculate t(22).
55
Let p(y) = y**3 - 7*y**2 - 4*y - 26. Give p(8).
6
Let u(l) = l**3 + 4*l**2 + 258*l + 1658. What is u(-6)?
38
Let k(z) = -6*z**2 + 150*z - 309. Give k(2).
-33
Let g(x) = -x**2 + 32*x + 277. Give g(42).
-143
Let q(n) = 4*n**3 + 186*n**2 + 160*n + 3144. Give q(-46).
16
Let r(c) = -c**2 + 76*c + 6651. What is r(-52)?
-5
Let v(g) = -2*g**3 - 12*g**2 - 3*g + 53. Give v(4).
-279
Let s(g) = -77*g + 3291. Give s(43).
-20
Let x(a) = -427*a - 5446. What is x(-13)?
105
Let i(n) = n**3 - 3*n**2 + 23*n - 77. Give i(3).
-8
Let m(v) = -v**3 - 59*v**2 + 190*v + 268. Give m(-62).
20
Let x(t) = -2*t**3 + 58*t**2 + 22*t - 670. Give x(29).
-32
Let b(u) = u**2 - 15*u - 246. Determine b(28).
118
Let g(a) = 14*a**2 + 13*a + 11. What is g(-2)?
41
Let s(t) = 47*t + 95. What is s(2)?
189
Let p(v) = 946*v - 12328. Give p(13).
-30
Let y(w) = -w**3 + 25*w**2 + 74*w + 76. Calculate y(28).
-204
Let r(u) = 1184*u + 3534. Calculate r(-3).
-18
Let s(g) = -g**3 - 7*g**2 + 42*g + 19. Calculate s(-11).
41
Let s(t) = t**3 + 14*t**2 - 21*t - 288. Calculate s(-14).
6
Let g(p) = 2187*p - 15319. Determine g(7).
-10
Let g(t) = 244*t - 354. Calculate g(4).
622
Let i(m) = 29*m**2 - 322*m + 29. What is i(11)?
-4
Let y(m) = -m**2 + 219*m + 16063. Calculate y(277).
-3
Let d(a) = 275*a + 2200. Give d(-8).
0
Let s(a) = -41*a - 3969. What is s(-97)?
8
Let a(j) = -j**3 + 2*j**2 + 6*j + 108. Determine a(9).
-405
Let p(i) = 47*i + 1684. What is p(-36)?
-8
Let w(f) = -8*f**2 - 76*f + 16. Give w(-9).
52
Let n(c) = -c**3 - 21*c**2 + 15*c + 710. Give n(-20).
10
Let n(q) = 3*q**2 + 210*q + 2357. What is n(-56)?
5
Let g(d) = -d**3 - 13*d**2 - 8*d + 32. Give g(-12).
-16
Let j(h) = 8*h - 4. What is j(-23)?
-188
Let h(i) = -2*i**2 - 28*i - 170. Determine h(-11).
-104
Let s(v) = 3*v**2 + 93*v + 157. Determine s(-29).
-17
Let c(w) = -61*w + 1911. Determine c(32).
-41
Let i(f) = -139*f - 18634. Calculate i(-134).
-8
Let c(t) = -8*t + 42. Calculate c(-58).
506
Let z(j) = -2*j**3 - 27*j + 18. Determine z(4).
-218
Let d(q) = 297*q + 4161. Give d(-14).
3
Let p(t) = t**2 - 37*t - 40. Calculate p(40).
80
Let l(x) = 2*x**3 + 57*x**2 - 18*x + 313. Calculate l(-29).
-6
Let x(q) = -217*q + 1077. What is x(5)?
-8
Let h(j) = -j**2 + 21*j + 375. Calculate h(20).
395
Let q(u) = 7*u**3 + 6*u**2 - 23*u + 33. Give q(4).
485
Let s(o) = -124*o + 943. Give s(8).
-49
Let w(t) = -t**2 + 84*t + 2. What is w(0)?
2
Let n(p) = 149*p - 582. Calculate n(4).
14
Let f(c) = -5*c**2 - 54*c - 6. Determine f(-11).
-17
Let p(s) = 6*s**2 - 10*s - 10. Calculate p(5).
90
Let f(t) = 2*t**3 - 33*t**2 - 20*t + 56. Determine f(17).
5
Let l(z) = z**2 - 56*z - 872. What is l(-13)?
25
Let h(s) = -100*s - 1902. Calculate h(-20).
98
Let v(j) = j**3 + 4*j**2 + 2*j - 1. Calculate v(-8).
-273
Let g(b) = -2*b**2 + 28*b - 96. What is g(6)?
0
Let y(r) = r**3 + 405*r**2 - 3718*r. Give y(9).
72
Let m(l) = -10*l**2 + 157. What is m(-6)?
-203
Let q(t) = 28*t + 400. Calculate q(-16).
-48
Let q(u) = -4*u**2 + 244*u + 1108. Determine q(65).
68
Let n(b) = -2*b**3 + 139*b**2 + 216*b - 210. Determine n(71).
3
Let c(l) = l**2 + 120*l - 497. What is c(-124)?
-1
Let z(l) = -14*l + 553. Calculate z(40).
-7
Let d(h) = -h**2 - 40*h + 1083. Calculate d(19).
-38
Let s(i) = 214*i + 5390. Determine s(-25).
40
Let w(y) = -y**2 - 31*y + 637. Determine w(-45).
7
Let a(r) = -r**3 + 7*r**2 - 18*r + 89. What is a(5)?
49
Let k(p) = p**3 - 17*p**2 - 925*p + 211. What is k(40)?
11
Let i(l) = l**3 + 6*l**2 - 60*l - 283. Calculate i(-4).
-11
Let t(l) = -l**3 + 15*l**2 + 17*l - 10. Calculate t(16).
6
Let u(x) = 2*x**3 - 83*x**2 + 23*x + 242. Determine u(41).
-496
Let d(x) = 8*x + 34. Give d(-14).
-78
Let z(r) = r**3 - 39*r**2 + 56*r - 5651. Give z(41).
7
Let i(j) = 2*j**2 - 42*j - 212. Calculate i(-7).
180
Let v(s) = -2*s**2 + 41*s + 290. Calculate v(28).
-130
Let i(a) = -131*a - 345. Determine i(-3).
48
Let s(o) = 173*o - 387. Determine s(5).
478
Let c(s) = 30*s**2 + 36*s + 108. Give c(-3).
270
Let i(s) = s**3 - 32*s**2 - 15*s + 477. Give i(32).
-3
Let h(q) = -190*q - 180. Determine h(-1).
10
Let z(r) = -62*r**2 - 626*r - 57. Determine z(-10).
3
Let l(h) = -h**2 - 54*h + 503. What is l(8)?
7
Let b(c) = 9*c**2 + 1146*c + 2626. Determine b(-125).
1
Let v(w) = -w**3 + 4*w**2 - w - 5. Determine v(-7).
541
Let h(g) = 287*g**3 + g**2 + 4*g + 2. Determine h(-1).
-288
Let m(l) = l**3 + 12*l**2 + 4*l - 5. What is m(-11)?
72
Let r(b) = 37*b**2 - 115*b + 12. What is r(3)?
0
Let z(g) = -5*g**2 - 28*g + 428. What is z(8)?
-116
Let u(m) = 4*m**2 - 16*m + 141. Calculate u(8).
269
Let h(a) = a**3 - 122*a**2 + 2758*a + 65. Calculate h(30).
5
Let s(u) = -10659*u + 4. Calculate s(0).
4
Let z(t) = t**3 - 2*t**2 - 2*t - 19. What is z(5)?
46
Let x(n) = -n**2 - 24*n - 11. Calculate x(-5).
84
Let g(c) = -c**2 - 772*c - 6863. Give g(-9).
4
Let y(d) = 50*d - 292. Give y(5).
-42
Let y(u) = 9*u - 393. What is y(18)?
-231
Let s(d) = 5*d**2 - 80*d + 125. Calculate s(14).
-15
Let z(b) = -b**3 - 10*b**2 - 13*b + 16. Calculate z(7).
-908
Let n(m) = -12*m**2 + 12*m - 31. Give n(-2).
-103
Let q(p) = p**3 - 100*p**2 - 217*p + 1327. Calculate q(102).
1
Let r(a) = -2*a**2 - a - 85. Give r(-13).
-410
Let k(z) = -z**2 + 57*z - 159. Determine k(54).
3
Let q(a) = 657*a - 37. Calculate q(0).
-37
Let r(l) = l**2 + 6298*l + 31457. Calculate r(-5).
-8
Let k(b) = -6*b**2 + 59*b - 32. Determine k(10).
-42
Let p(y) = -2*y**3 - 24*y**2 - 66*y - 257. What is p(-10)?
3
Let z(m) = -42*m**2 - 235*m - 111. Give z(-5).
14
Let k(d) = 84*d**2 + 586*d + 62. Determine k(-7).
76
Let u(d) = -2983*d + 8970. Calculate u(3).
21
Let g(h) = -1571*h + 6. Give g(0).
6
Let n(p) = 2*p**2 - 14*p + 21. Determine n(6).
9
Let l(a) = -181*a - 584. Calculate l(-4).
140
Let p(i) = 83*i + 11329. Give p(-139).
-208
Let y(s) = 17*s**2 + 373*s + 14. Calculate y(-23).
428
Let n(z) = -3*z**3 + 117*z**2 + 16*z - 630. Give n(39).
-6
Let n(f) = 18*f**2 - 5561*f - 289. Determine n(309).
20
Let n(a) = -a**3 + 26*a**2 - 63*a - 117. Calculate n(23).
21
Let u(n) = -770*n + 25413. Give u(33).
3
Let n(u) = -1477*u - 7389. Calculate n(-5).
-4
Let o(y) = -4*y**3 + 40*y**2 + 40*y - 56. Calculate o(11).
-100
Let f(p) = 22*p + 748. Give f(-29).
110
Let q(y) = -203*y - 19100. What is q(-94)?
-18
Let z(x) = 4*x**2 + x + 4. Calculate z(5).